{"id":80,"date":"2022-08-24T09:23:54","date_gmt":"2022-08-24T06:23:54","guid":{"rendered":"https:\/\/shanti.fi\/?page_id=80"},"modified":"2026-03-29T16:18:54","modified_gmt":"2026-03-29T13:18:54","slug":"yritys","status":"publish","type":"page","link":"https:\/\/shanti.fi\/index.php\/yritys\/","title":{"rendered":"Yritys"},"content":{"rendered":"\t\t<div data-elementor-type=\"wp-page\" data-elementor-id=\"80\" class=\"elementor elementor-80\">\n\t\t\t\t\t\t<section class=\"elementor-section elementor-top-section elementor-element elementor-element-e2c6cb4 elementor-section-boxed elementor-section-height-default elementor-section-height-default\" data-id=\"e2c6cb4\" data-element_type=\"section\" data-e-type=\"section\">\n\t\t\t\t\t\t<div class=\"elementor-container elementor-column-gap-default\">\n\t\t\t\t\t<div class=\"elementor-column elementor-col-100 elementor-top-column elementor-element elementor-element-162ac46\" data-id=\"162ac46\" data-element_type=\"column\" data-e-type=\"column\" data-settings=\"{&quot;background_background&quot;:&quot;classic&quot;}\">\n\t\t\t<div class=\"elementor-widget-wrap elementor-element-populated\">\n\t\t\t\t\t\t<div class=\"elementor-element elementor-element-0f62773 elementor-widget elementor-widget-heading\" data-id=\"0f62773\" data-element_type=\"widget\" data-e-type=\"widget\" data-widget_type=\"heading.default\">\n\t\t\t\t<div class=\"elementor-widget-container\">\n\t\t\t\t\t<h2 class=\"elementor-heading-title elementor-size-default\">Yritys<\/h2>\t\t\t\t<\/div>\n\t\t\t\t<\/div>\n\t\t\t\t\t<\/div>\n\t\t<\/div>\n\t\t\t\t\t<\/div>\n\t\t<\/section>\n\t\t\t\t<section class=\"elementor-section elementor-top-section elementor-element elementor-element-f6e980a elementor-section-boxed elementor-section-height-default elementor-section-height-default\" data-id=\"f6e980a\" data-element_type=\"section\" data-e-type=\"section\">\n\t\t\t\t\t\t<div class=\"elementor-container elementor-column-gap-default\">\n\t\t\t\t\t<div class=\"elementor-column elementor-col-50 elementor-top-column elementor-element elementor-element-3103202\" data-id=\"3103202\" data-element_type=\"column\" data-e-type=\"column\" data-settings=\"{&quot;background_background&quot;:&quot;classic&quot;}\">\n\t\t\t<div class=\"elementor-widget-wrap elementor-element-populated\">\n\t\t\t\t\t\t<div class=\"elementor-element elementor-element-8073314 elementor-widget elementor-widget-text-editor\" data-id=\"8073314\" data-element_type=\"widget\" data-e-type=\"widget\" data-widget_type=\"text-editor.default\">\n\t\t\t\t<div class=\"elementor-widget-container\">\n\t\t\t\t\t\t\t\t\t<p>Shantissa hiuksia hoidetaan luontoa ja ihmist\u00e4 kunnioittaen;\u00a0 Huomioimme k\u00e4ytt\u00e4miemme tuotteiden vaikutukset sek\u00e4 ihmiseen ett\u00e4 ymp\u00e4rist\u00f6\u00f6n. Ekokampaajina olemme perehtyneet tuotteiden ainesosiin ja synteettisi\u00e4 kemikaaleja v\u00e4ltet\u00e4\u00e4n. Haluamme tarjota asiakkaalle rauhallisen\u00a0 ja rentouttavan hetken. Palvelemme vain yht\u00e4 asiakasta kerrallaan.<\/p><p>Shantissa tehd\u00e4\u00e4n kaikki k\u00e4sittelyt\u00a0 luonnon omilla aineilla ja 100% luonnonkosmetiikalla.<\/p><p>Ideologiaamme kuuluu ekoperiaatteet monella tasolla; kierr\u00e4t\u00e4mme kaiken mahdollisen, my\u00f6s sisustus on l\u00e4hes kokonaan hankittu k\u00e4ytettyin\u00e4. Tee- ja kahvitarjoilu luonnollisesti luomulaatuisena.<\/p>\t\t\t\t\t\t\t\t<\/div>\n\t\t\t\t<\/div>\n\t\t\t\t\t<\/div>\n\t\t<\/div>\n\t\t\t\t<div class=\"elementor-column elementor-col-50 elementor-top-column elementor-element elementor-element-ab69557\" data-id=\"ab69557\" data-element_type=\"column\" data-e-type=\"column\" data-settings=\"{&quot;background_background&quot;:&quot;classic&quot;}\">\n\t\t\t<div class=\"elementor-widget-wrap elementor-element-populated\">\n\t\t\t\t\t\t<div class=\"elementor-element elementor-element-ff3d874 elementor-widget elementor-widget-image\" data-id=\"ff3d874\" data-element_type=\"widget\" data-e-type=\"widget\" data-widget_type=\"image.default\">\n\t\t\t\t<div class=\"elementor-widget-container\">\n\t\t\t\t\t\t\t\t\t\t\t\t\t\t\t<img fetchpriority=\"high\" decoding=\"async\" width=\"500\" height=\"800\" src=\"https:\/\/shanti.fi\/wp-content\/uploads\/2023\/01\/OR5_0118-5.jpg\" class=\"attachment-full size-full wp-image-1546\" alt=\"\" srcset=\"https:\/\/shanti.fi\/wp-content\/uploads\/2023\/01\/OR5_0118-5.jpg 500w, https:\/\/shanti.fi\/wp-content\/uploads\/2023\/01\/OR5_0118-5-188x300.jpg 188w\" sizes=\"(max-width: 500px) 100vw, 500px\" \/>\t\t\t\t\t\t\t\t\t\t\t\t\t\t\t<\/div>\n\t\t\t\t<\/div>\n\t\t\t\t\t<\/div>\n\t\t<\/div>\n\t\t\t\t\t<\/div>\n\t\t<\/section>\n\t\t\t\t<section class=\"elementor-section elementor-top-section elementor-element elementor-element-202cce22 elementor-section-boxed elementor-section-height-default elementor-section-height-default\" data-id=\"202cce22\" data-element_type=\"section\" data-e-type=\"section\" data-settings=\"{&quot;background_background&quot;:&quot;classic&quot;}\">\n\t\t\t\t\t\t<div class=\"elementor-container elementor-column-gap-default\">\n\t\t\t\t\t<div class=\"elementor-column elementor-col-100 elementor-top-column elementor-element elementor-element-216e68ae\" data-id=\"216e68ae\" data-element_type=\"column\" data-e-type=\"column\" data-settings=\"{&quot;background_background&quot;:&quot;classic&quot;}\">\n\t\t\t<div class=\"elementor-widget-wrap elementor-element-populated\">\n\t\t\t\t\t\t<div class=\"elementor-element elementor-element-bc8be60 elementor-widget elementor-widget-heading\" data-id=\"bc8be60\" data-element_type=\"widget\" data-e-type=\"widget\" data-widget_type=\"heading.default\">\n\t\t\t\t<div class=\"elementor-widget-container\">\n\t\t\t\t\t<h4 class=\"elementor-heading-title elementor-size-default\">Ekokampaamo Shantissa sinua palvelee koulutetut ekokampaajat\u2026<\/h4>\t\t\t\t<\/div>\n\t\t\t\t<\/div>\n\t\t\t\t\t<\/div>\n\t\t<\/div>\n\t\t\t\t\t<\/div>\n\t\t<\/section>\n\t\t\t\t<section class=\"elementor-section elementor-top-section elementor-element elementor-element-39104e0 elementor-section-boxed elementor-section-height-default elementor-section-height-default\" data-id=\"39104e0\" data-element_type=\"section\" data-e-type=\"section\" data-settings=\"{&quot;background_background&quot;:&quot;classic&quot;}\">\n\t\t\t\t\t\t<div class=\"elementor-container elementor-column-gap-default\">\n\t\t\t\t\t<div class=\"elementor-column elementor-col-50 elementor-top-column elementor-element elementor-element-3ff89fc\" data-id=\"3ff89fc\" data-element_type=\"column\" data-e-type=\"column\" data-settings=\"{&quot;background_background&quot;:&quot;classic&quot;}\">\n\t\t\t<div class=\"elementor-widget-wrap elementor-element-populated\">\n\t\t\t\t\t\t<div class=\"elementor-element elementor-element-297654d elementor-widget elementor-widget-image\" data-id=\"297654d\" data-element_type=\"widget\" data-e-type=\"widget\" data-widget_type=\"image.default\">\n\t\t\t\t<div class=\"elementor-widget-container\">\n\t\t\t\t\t\t\t\t\t\t\t\t\t\t\t<img decoding=\"async\" src=\"https:\/\/shanti.fi\/wp-content\/uploads\/elementor\/thumbs\/OR5_0202-Edit-2-scaled-pynxsnonqpbik1s0bpnjs4n279jj39wwkfc12gvw9k.jpg\" title=\"OR5_0202-Edit (2)\" alt=\"OR5_0202-Edit (2)\" loading=\"lazy\" \/>\t\t\t\t\t\t\t\t\t\t\t\t\t\t\t<\/div>\n\t\t\t\t<\/div>\n\t\t\t\t<div class=\"elementor-element elementor-element-8af81ff elementor-widget elementor-widget-text-editor\" data-id=\"8af81ff\" data-element_type=\"widget\" data-e-type=\"widget\" data-widget_type=\"text-editor.default\">\n\t\t\t\t<div class=\"elementor-widget-container\">\n\t\t\t\t\t\t\t\t\t<h5><strong>Miia It\u00e4mets\u00e4<\/strong><\/h5><p>Olen saanut kokemusta kampaajana toimimisesta jo yli 25v, ja siit\u00e4 ajasta yli puolet ekokampaajana. Pian ekokampaajaksi kouluttautumiseni j\u00e4lkeen perustin ensimm\u00e4isen oman kampaamoni Ekokampaamo Shantin v. 2012.<\/p><p>Olen kiinnostunut kokonaisvaltaisesta hyvinvoinnista ja terveydest\u00e4, ja hiustenkin hyvinvointi l\u00e4htee tietenkin sis\u00e4lt\u00e4p\u00e4in. Olen k\u00e4ynyt Annukka Aarnion solumineraali-terapeutti-koulutuksen.<\/p><p>Vahvuuteni ty\u00f6ss\u00e4ni on laineikkaat ja kiharat hiukset. Visuaalisena ihmisen\u00e4 iloa ty\u00f6h\u00f6ni tuo kasviv\u00e4rien upea vivahteikkuus.<\/p><p>Tervetuloa Shantiin!<\/p>\t\t\t\t\t\t\t\t<\/div>\n\t\t\t\t<\/div>\n\t\t\t\t\t<\/div>\n\t\t<\/div>\n\t\t\t\t<div class=\"elementor-column elementor-col-50 elementor-top-column elementor-element elementor-element-162708a\" data-id=\"162708a\" data-element_type=\"column\" data-e-type=\"column\" data-settings=\"{&quot;background_background&quot;:&quot;classic&quot;}\">\n\t\t\t<div class=\"elementor-widget-wrap elementor-element-populated\">\n\t\t\t\t\t\t<div class=\"elementor-element elementor-element-58c62fc elementor-widget elementor-widget-image\" data-id=\"58c62fc\" data-element_type=\"widget\" data-e-type=\"widget\" data-widget_type=\"image.default\">\n\t\t\t\t<div class=\"elementor-widget-container\">\n\t\t\t\t\t\t\t\t\t\t\t\t\t\t\t<img decoding=\"async\" src=\"https:\/\/shanti.fi\/wp-content\/uploads\/elementor\/thumbs\/Nopo-uusi-kuva-scaled-e1725187199338-qtgpnz46w3md22k11oprzotr36e7mip5lgxhc6ru6g.jpg\" title=\"Noora\" alt=\"Noora\" loading=\"lazy\" \/>\t\t\t\t\t\t\t\t\t\t\t\t\t\t\t<\/div>\n\t\t\t\t<\/div>\n\t\t\t\t<div class=\"elementor-element elementor-element-c708e6a elementor-widget elementor-widget-text-editor\" data-id=\"c708e6a\" data-element_type=\"widget\" data-e-type=\"widget\" data-widget_type=\"text-editor.default\">\n\t\t\t\t<div class=\"elementor-widget-container\">\n\t\t\t\t\t\t\t\t\t<h5>Noora Nuukaa<\/h5><p>Teen t\u00f6it\u00e4 ekokampaajana maanantaisin ja lauantaisin Ekokampaamo Shantissa lempe\u00e4ll\u00e4\u00a0ja helposti innostuvalla flow&#8217;lla. Opiskelin itseni ekokampaajaksi 2010. Polku ekokampaajana\u00a0on vienyt kiinnostusta syvemm\u00e4lle kauneuden ja hyvinvoinnin kokonaisuuden\u00a0ymm\u00e4rt\u00e4miseen. Olen valmistunut my\u00f6s luonnonvaratuottajaksi ja yrttineuvojaksi luonto- ja\u00a0ymp\u00e4rist\u00f6alalta.<br \/>Suomen luonnonkasvit ovat osaamisalaani. Opiskelu on antanut enemm\u00e4n\u00a0ymm\u00e4rryst\u00e4 luonnosta, ekologisuudesta, kasveista ja niiden k\u00e4ytt\u00f6mahdollisuuksista.\u00a0Frantsilasta olen valmistunut yrttihoitajaksi ja olen oppinut erilaisten raaka-aineiden ja\u00a0tuotteiden k\u00e4ytt\u00f6mahdollisuuksista ekokampaajan ty\u00f6ss\u00e4, sek\u00e4 p\u00e4\u00e4ssyt syventym\u00e4\u00e4n\u00a0erilaisiin rentouttaviin ja hoidollisiin hoitokokonaisuuksiin.<\/p><p>Eniten ty\u00f6ss\u00e4ni pid\u00e4n siit\u00e4, ett\u00e4\u00a0p\u00e4\u00e4sen kohtaamaan asiakkaan, saan h\u00e4net rentoutumaan ja hyv\u00e4lle mielelle uusien\u00a0elinvoimaisempien hiusten kanssa.\u00a0Teen energialeikkauksen yhteydess\u00e4 lyhyen version intialaisesta p\u00e4\u00e4nhieronnasta, joka on\u00a0ihana. Olen my\u00f6s jatkokouluttautunut Vedakeskuksen p\u00e4\u00e4- ja kasvohoito kurssilla, sek\u00e4\u00a0ayurvedahoitajan opissa ayurvediseen intialaiseen p\u00e4\u00e4nhierontaan, joka poikkeaa\u00a0lyhyemm\u00e4st\u00e4 versiosta. Ayurvedinen intialainen p\u00e4\u00e4nhieronta kest\u00e4\u00e4 kokonaisuudessaan\u00a0tunnin ja sen voi varata minulta erikseen. Sopii loistavasti stressi-niska hoidoksi!\u00a0T\u00e4ll\u00e4 hetkell\u00e4 opiskelen t\u00f6iden ohella fytoterapeutiksi ja ravitsemusneuvojaksi, jotka pit\u00e4v\u00e4t\u00a0sis\u00e4ll\u00e4\u00e4n l\u00e4\u00e4ketieteen perusteet 25 op. Kauneus ja hyv\u00e4 olo tulee my\u00f6s sis\u00e4lt\u00e4p\u00e4in!\u00a0L\u00e4mpim\u00e4sti tervetuloa ja n\u00e4hd\u00e4\u00e4n Ekokampaamo Shantissa.<\/p>\t\t\t\t\t\t\t\t<\/div>\n\t\t\t\t<\/div>\n\t\t\t\t\t<\/div>\n\t\t<\/div>\n\t\t\t\t\t<\/div>\n\t\t<\/section>\n\t\t\t\t<\/div>\n\t\t","protected":false},"excerpt":{"rendered":"<p>Yritys Shantissa hiuksia hoidetaan luontoa ja ihmist\u00e4 kunnioittaen;\u00a0 Huomioimme k\u00e4ytt\u00e4miemme tuotteiden vaikutukset sek\u00e4 ihmiseen ett\u00e4 ymp\u00e4rist\u00f6\u00f6n. Ekokampaajina olemme perehtyneet tuotteiden ainesosiin ja synteettisi\u00e4 kemikaaleja v\u00e4ltet\u00e4\u00e4n. Haluamme tarjota asiakkaalle rauhallisen\u00a0 ja rentouttavan hetken. Palvelemme vain yht\u00e4 asiakasta kerrallaan. Shantissa tehd\u00e4\u00e4n kaikki k\u00e4sittelyt\u00a0 luonnon omilla aineilla ja 100% luonnonkosmetiikalla. Ideologiaamme kuuluu ekoperiaatteet monella tasolla; kierr\u00e4t\u00e4mme kaiken mahdollisen, [&hellip;]<\/p>\n","protected":false},"author":1,"featured_media":0,"parent":0,"menu_order":0,"comment_status":"closed","ping_status":"closed","template":"elementor_header_footer","meta":{"footnotes":""},"class_list":["post-80","page","type-page","status-publish","hentry"],"yoast_head":"<!-- This site is optimized with the Yoast SEO plugin v27.2 - https:\/\/yoast.com\/product\/yoast-seo-wordpress\/ -->\n<title>Yritys - Ekokampaamo Shanti<\/title>\n<meta name=\"description\" content=\"Hiuksia ja kauneutta hoidetaan luontoa ja ihmist\u00e4 kunnioittaen; huomioimme k\u00e4ytt\u00e4miemme tuotteiden vaikutuiset.\" \/>\n<meta name=\"robots\" content=\"index, follow, max-snippet:-1, max-image-preview:large, max-video-preview:-1\" \/>\n<link rel=\"canonical\" href=\"https:\/\/shanti.fi\/index.php\/yritys\/\" \/>\n<meta property=\"og:locale\" content=\"fi_FI\" \/>\n<meta property=\"og:type\" content=\"article\" \/>\n<meta property=\"og:title\" content=\"Yritys - Ekokampaamo Shanti\" \/>\n<meta property=\"og:description\" content=\"Hiuksia ja kauneutta hoidetaan luontoa ja ihmist\u00e4 kunnioittaen; huomioimme k\u00e4ytt\u00e4miemme tuotteiden vaikutuiset.\" \/>\n<meta property=\"og:url\" content=\"https:\/\/shanti.fi\/index.php\/yritys\/\" \/>\n<meta property=\"og:site_name\" content=\"Ekokampaamo Shanti\" \/>\n<meta property=\"article:modified_time\" content=\"2026-03-29T13:18:54+00:00\" \/>\n<meta property=\"og:image\" content=\"https:\/\/shanti.fi\/wp-content\/uploads\/2023\/01\/OR5_0118-5.jpg\" \/>\n\t<meta property=\"og:image:width\" content=\"500\" \/>\n\t<meta property=\"og:image:height\" content=\"800\" \/>\n\t<meta property=\"og:image:type\" content=\"image\/jpeg\" \/>\n<meta name=\"twitter:card\" content=\"summary_large_image\" \/>\n<meta name=\"twitter:label1\" content=\"Arvioitu lukuaika\" \/>\n\t<meta name=\"twitter:data1\" content=\"3 minuuttia\" \/>\n<script type=\"application\/ld+json\" class=\"yoast-schema-graph\">{\"@context\":\"https:\/\/schema.org\",\"@graph\":[{\"@type\":\"WebPage\",\"@id\":\"https:\/\/shanti.fi\/index.php\/yritys\/\",\"url\":\"https:\/\/shanti.fi\/index.php\/yritys\/\",\"name\":\"Yritys - Ekokampaamo Shanti\",\"isPartOf\":{\"@id\":\"https:\/\/shanti.fi\/#website\"},\"primaryImageOfPage\":{\"@id\":\"https:\/\/shanti.fi\/index.php\/yritys\/#primaryimage\"},\"image\":{\"@id\":\"https:\/\/shanti.fi\/index.php\/yritys\/#primaryimage\"},\"thumbnailUrl\":\"https:\/\/shanti.fi\/wp-content\/uploads\/2023\/01\/OR5_0118-5.jpg\",\"datePublished\":\"2022-08-24T06:23:54+00:00\",\"dateModified\":\"2026-03-29T13:18:54+00:00\",\"description\":\"Hiuksia ja kauneutta hoidetaan luontoa ja ihmist\u00e4 kunnioittaen; huomioimme k\u00e4ytt\u00e4miemme tuotteiden vaikutuiset.\",\"breadcrumb\":{\"@id\":\"https:\/\/shanti.fi\/index.php\/yritys\/#breadcrumb\"},\"inLanguage\":\"fi\",\"potentialAction\":[{\"@type\":\"ReadAction\",\"target\":[\"https:\/\/shanti.fi\/index.php\/yritys\/\"]}]},{\"@type\":\"ImageObject\",\"inLanguage\":\"fi\",\"@id\":\"https:\/\/shanti.fi\/index.php\/yritys\/#primaryimage\",\"url\":\"https:\/\/shanti.fi\/wp-content\/uploads\/2023\/01\/OR5_0118-5.jpg\",\"contentUrl\":\"https:\/\/shanti.fi\/wp-content\/uploads\/2023\/01\/OR5_0118-5.jpg\",\"width\":500,\"height\":800},{\"@type\":\"BreadcrumbList\",\"@id\":\"https:\/\/shanti.fi\/index.php\/yritys\/#breadcrumb\",\"itemListElement\":[{\"@type\":\"ListItem\",\"position\":1,\"name\":\"Etusivu\",\"item\":\"https:\/\/shanti.fi\/\"},{\"@type\":\"ListItem\",\"position\":2,\"name\":\"Yritys\"}]},{\"@type\":\"WebSite\",\"@id\":\"https:\/\/shanti.fi\/#website\",\"url\":\"https:\/\/shanti.fi\/\",\"name\":\"Ekokampaamo Shanti\",\"description\":\"Ekokampaamo Tampereen keskustassa\",\"publisher\":{\"@id\":\"https:\/\/shanti.fi\/#organization\"},\"potentialAction\":[{\"@type\":\"SearchAction\",\"target\":{\"@type\":\"EntryPoint\",\"urlTemplate\":\"https:\/\/shanti.fi\/?s={search_term_string}\"},\"query-input\":{\"@type\":\"PropertyValueSpecification\",\"valueRequired\":true,\"valueName\":\"search_term_string\"}}],\"inLanguage\":\"fi\"},{\"@type\":\"Organization\",\"@id\":\"https:\/\/shanti.fi\/#organization\",\"name\":\"Ekokampaamo Shanti\",\"url\":\"https:\/\/shanti.fi\/\",\"logo\":{\"@type\":\"ImageObject\",\"inLanguage\":\"fi\",\"@id\":\"https:\/\/shanti.fi\/#\/schema\/logo\/image\/\",\"url\":\"https:\/\/shanti.fi\/wp-content\/uploads\/2022\/08\/shantilogo.png\",\"contentUrl\":\"https:\/\/shanti.fi\/wp-content\/uploads\/2022\/08\/shantilogo.png\",\"width\":4715,\"height\":1348,\"caption\":\"Ekokampaamo Shanti\"},\"image\":{\"@id\":\"https:\/\/shanti.fi\/#\/schema\/logo\/image\/\"}}]}<\/script>\n<!-- \/ Yoast SEO plugin. -->","yoast_head_json":{"title":"Yritys - Ekokampaamo Shanti","description":"Hiuksia ja kauneutta hoidetaan luontoa ja ihmist\u00e4 kunnioittaen; huomioimme k\u00e4ytt\u00e4miemme tuotteiden vaikutuiset.","robots":{"index":"index","follow":"follow","max-snippet":"max-snippet:-1","max-image-preview":"max-image-preview:large","max-video-preview":"max-video-preview:-1"},"canonical":"https:\/\/shanti.fi\/index.php\/yritys\/","og_locale":"fi_FI","og_type":"article","og_title":"Yritys - Ekokampaamo Shanti","og_description":"Hiuksia ja kauneutta hoidetaan luontoa ja ihmist\u00e4 kunnioittaen; huomioimme k\u00e4ytt\u00e4miemme tuotteiden vaikutuiset.","og_url":"https:\/\/shanti.fi\/index.php\/yritys\/","og_site_name":"Ekokampaamo Shanti","article_modified_time":"2026-03-29T13:18:54+00:00","og_image":[{"width":500,"height":800,"url":"https:\/\/shanti.fi\/wp-content\/uploads\/2023\/01\/OR5_0118-5.jpg","type":"image\/jpeg"}],"twitter_card":"summary_large_image","twitter_misc":{"Arvioitu lukuaika":"3 minuuttia"},"schema":{"@context":"https:\/\/schema.org","@graph":[{"@type":"WebPage","@id":"https:\/\/shanti.fi\/index.php\/yritys\/","url":"https:\/\/shanti.fi\/index.php\/yritys\/","name":"Yritys - Ekokampaamo Shanti","isPartOf":{"@id":"https:\/\/shanti.fi\/#website"},"primaryImageOfPage":{"@id":"https:\/\/shanti.fi\/index.php\/yritys\/#primaryimage"},"image":{"@id":"https:\/\/shanti.fi\/index.php\/yritys\/#primaryimage"},"thumbnailUrl":"https:\/\/shanti.fi\/wp-content\/uploads\/2023\/01\/OR5_0118-5.jpg","datePublished":"2022-08-24T06:23:54+00:00","dateModified":"2026-03-29T13:18:54+00:00","description":"Hiuksia ja kauneutta hoidetaan luontoa ja ihmist\u00e4 kunnioittaen; huomioimme k\u00e4ytt\u00e4miemme tuotteiden vaikutuiset.","breadcrumb":{"@id":"https:\/\/shanti.fi\/index.php\/yritys\/#breadcrumb"},"inLanguage":"fi","potentialAction":[{"@type":"ReadAction","target":["https:\/\/shanti.fi\/index.php\/yritys\/"]}]},{"@type":"ImageObject","inLanguage":"fi","@id":"https:\/\/shanti.fi\/index.php\/yritys\/#primaryimage","url":"https:\/\/shanti.fi\/wp-content\/uploads\/2023\/01\/OR5_0118-5.jpg","contentUrl":"https:\/\/shanti.fi\/wp-content\/uploads\/2023\/01\/OR5_0118-5.jpg","width":500,"height":800},{"@type":"BreadcrumbList","@id":"https:\/\/shanti.fi\/index.php\/yritys\/#breadcrumb","itemListElement":[{"@type":"ListItem","position":1,"name":"Etusivu","item":"https:\/\/shanti.fi\/"},{"@type":"ListItem","position":2,"name":"Yritys"}]},{"@type":"WebSite","@id":"https:\/\/shanti.fi\/#website","url":"https:\/\/shanti.fi\/","name":"Ekokampaamo Shanti","description":"Ekokampaamo Tampereen keskustassa","publisher":{"@id":"https:\/\/shanti.fi\/#organization"},"potentialAction":[{"@type":"SearchAction","target":{"@type":"EntryPoint","urlTemplate":"https:\/\/shanti.fi\/?s={search_term_string}"},"query-input":{"@type":"PropertyValueSpecification","valueRequired":true,"valueName":"search_term_string"}}],"inLanguage":"fi"},{"@type":"Organization","@id":"https:\/\/shanti.fi\/#organization","name":"Ekokampaamo Shanti","url":"https:\/\/shanti.fi\/","logo":{"@type":"ImageObject","inLanguage":"fi","@id":"https:\/\/shanti.fi\/#\/schema\/logo\/image\/","url":"https:\/\/shanti.fi\/wp-content\/uploads\/2022\/08\/shantilogo.png","contentUrl":"https:\/\/shanti.fi\/wp-content\/uploads\/2022\/08\/shantilogo.png","width":4715,"height":1348,"caption":"Ekokampaamo Shanti"},"image":{"@id":"https:\/\/shanti.fi\/#\/schema\/logo\/image\/"}}]}},"_links":{"self":[{"href":"https:\/\/shanti.fi\/index.php\/wp-json\/wp\/v2\/pages\/80","targetHints":{"allow":["GET"]}}],"collection":[{"href":"https:\/\/shanti.fi\/index.php\/wp-json\/wp\/v2\/pages"}],"about":[{"href":"https:\/\/shanti.fi\/index.php\/wp-json\/wp\/v2\/types\/page"}],"author":[{"embeddable":true,"href":"https:\/\/shanti.fi\/index.php\/wp-json\/wp\/v2\/users\/1"}],"replies":[{"embeddable":true,"href":"https:\/\/shanti.fi\/index.php\/wp-json\/wp\/v2\/comments?post=80"}],"version-history":[{"count":114,"href":"https:\/\/shanti.fi\/index.php\/wp-json\/wp\/v2\/pages\/80\/revisions"}],"predecessor-version":[{"id":1620,"href":"https:\/\/shanti.fi\/index.php\/wp-json\/wp\/v2\/pages\/80\/revisions\/1620"}],"wp:attachment":[{"href":"https:\/\/shanti.fi\/index.php\/wp-json\/wp\/v2\/media?parent=80"}],"curies":[{"name":"wp","href":"https:\/\/api.w.org\/{rel}","templated":true}]}}